Let b = 10315 - 6944. What are the prime factors of b?
3371
Suppose 4451 = 3*a - 4*r - 5929, 0 = a + 5*r - 3441. List the prime factors of a.
2, 3
Let u = -39 + 49. Let o(w) = 8*w - 21. What are the prime factors of o(u)?
59
Let y = 50 + -48. Suppose -4*z + 3*z - 211 = -4*b, 5*z + 101 = y*b. What are the prime factors of b?
53
Let k(f) = 56*f + 10. What are the prime factors of k(1)?
2, 3, 11
List the prime factors of ((2 - 3 - -36) + -1)*4.
2, 17
Let d(a) = 5*a**2 - 23*a + 18. Let u(i) = -2*i**2 + 8*i - 6. Let t(v) = -3*d(v) - 8*u(v). Let r be 2*(-1)/((-2)/(-7)). What are the prime factors of t(r)?
2
Let b(u) = -u + 4. Let r be b(13). Let a = 61 + r. List the prime factors of a.
2, 13
Let p be (-1)/((-808)/268 + 3). List the prime factors of p - (-3)/(1 - 2).
2
Suppose 4*n - 809 = -8*z + 3*z, -5*n + 310 = 2*z. Suppose -7*f + z = 4*f. List the prime factors of f.
3, 5
What are the prime factors of (-150)/(-20)*(3452/12 + -5)?
2, 5, 53
Let b(i) be the second derivative of 17*i**3/2 + i**2/2 - 2*i - 32. Let c = 5 - 4. List the prime factors of b(c).
2, 13
Suppose -9 - 6 = -3*s. Let u be -50*(3/2 + -2). Suppose -5*g = 25, -u = -2*a - s*g - 0*g. List the prime factors of a.
5
Let z be ((-1955)/34)/(((-1)/2)/1). Suppose -3*k = -14 - z. List the prime factors of k.
43
Suppose 14*i + 632 = 11104. List the prime factors of i.
2, 11, 17
Let u(v) = -22*v - 28. List the prime factors of u(-6).
2, 13
Let f be 18/27*(3 - 0). Suppose 0 = -f*m + 5*j + 14, -j = 4*m + 3*j - 84. What are the prime factors of m?
17
Let p(u) = -753*u + 5. List the prime factors of p(-3).
2, 283
Suppose 6*j = 3*j + 6. Let d(m) = 4*m**2 - 2*m**j - 2*m**2 - 2*m + 4*m**2. What are the prime factors of d(-2)?
2, 5
Let i(l) = l**3 - 6*l**2 + 7. Suppose -2*a - 3 = -0*a - 5*b, 3*a = b + 15. Let g be i(a). Suppose -5*y = -g*y + 70. List the prime factors of y.
5, 7
Let p = 52 - 145. Let s = 210 + p. What are the prime factors of s?
3, 13
Let u(f) = -410*f + 259. List the prime factors of u(-4).
3, 211
Let n = -64 + 99. Let y = n - -56. List the prime factors of y.
7, 13
Let n(u) = -u**2 - 22*u - 91. Let x be n(-12). Let m(v) = -v**2 + v + 33. Let o be m(0). Let i = o - x. What are the prime factors of i?
2
Let k(z) = z**2 + 6*z + 8. Let g be k(-8). Suppose -g = -2*y - 2*y. List the prime factors of (y/4)/(33/308).
2, 7
Let u(m) = -m**2 + 3*m + 2. Let k be u(3). Suppose -k*s = -3*y + 8 - 55, 0 = -3*y + 4*s - 49. List the prime factors of (4/12 - 2)*y.
5
Let l(u) = 4*u - 11*u**3 + 3*u**3 + 7 + 7*u**3 - 5*u**2. Let q be l(-5). Let y = 37 - q. What are the prime factors of y?
2, 5
Let g(d) be the third derivative of -11*d**4/24 - 11*d**3/3 - 15*d**2. List the prime factors of g(-10).
2, 11
Suppose 3*g - 26 = 10. What are the prime factors of -141*(-4 + 44/g)?
47
Let r(w) = 13*w + 70. Let m be r(-10). What are the prime factors of -20*(-3)/(-6)*m/6?
2, 5
Suppose -j = -7 - 8. Let l = 17 - j. What are the prime factors of (-189)/(-15) - l/(-5)?
13
Let n(j) be the first derivative of -13*j**2/2 - 5*j + 32. Suppose -a - 20 = -6*a, 18 = -k + 4*a. List the prime factors of n(k).
3, 7
Let w = 47 - 41. Suppose 5*c - w*c = 51. What are the prime factors of 4 - 3 - c - -3?
5, 11
Let w(f) = 569*f**2 + 8*f - 6. What are the prime factors of w(1)?
571
Let j be 0/((0 - -1)/(6/(-12))). Suppose -4*q + 31 + 29 = j. What are the prime factors of q?
3, 5
Let v = 1474 - 261. List the prime factors of v.
1213
Suppose 8940 = -40*u + 50*u. What are the prime factors of u?
2, 3, 149
Suppose 0 = 2*x - 77 - 155. Suppose -4*c + 88 = -x. Suppose -4*k + k + c = 0. List the prime factors of k.
17
What are the prime factors of 1 + 35/(-25) - 1702/(-5)?
2, 5, 17
Let b(u) be the second derivative of 5*u**4/12 - 2*u**3/3 - u**2 - 20*u. What are the prime factors of b(-1)?
7
Let k(w) = 3*w**2 - 3. Let z(j) be the third derivative of -j**5/60 - j**4/4 - j**3/2 + 5*j**2. Let b be z(-6). What are the prime factors of k(b)?
2, 3
What are the prime factors of (-83650)/(-112) + 4/32?
3, 83
Let h = 9 + 200. List the prime factors of h.
11, 19
Let o(m) = 469*m**2 - 22*m - 46. What are the prime factors of o(-2)?
2, 937
Suppose -g - 3*p + 137 = -74, -2*p = -10. What are the prime factors of g?
2, 7
Let z be ((-35)/25 - 3/5) + -10. Let l = 12 - z. What are the prime factors of l?
2, 3
Let h(f) = 3*f**3 + f**2 - 13*f + 4. List the prime factors of h(4).
2, 5
Let s be (5 - -2)/(3/9). Let f be (s/2)/(2/4). Suppose f + 13 = v. List the prime factors of v.
2, 17
Suppose 8382 = -9*y + 20*y. What are the prime factors of y?
2, 3, 127
Suppose -4*p - 13 = -9. Let l be p + -4 + 3 + 1. What are the prime factors of (-1)/(l + 14/16)?
2
Let v(g) be the first derivative of 3*g**2/2 + 20*g - 2. List the prime factors of v(9).
47
Let d = -1980 - -3679. What are the prime factors of d?
1699
Let d be 1 - 1 - 35/(-5). Let m(t) = t + 3. Let c be m(d). What are the prime factors of c/((4/1)/8)?
2, 5
Let v(u) = 2*u**3 - 62 - u - 7*u**3 + 61. Let z = -3 - -2. List the prime factors of v(z).
5
Suppose -p + 0*p = -7. Let w = 11 - p. Suppose 5*h - 329 - 31 = -3*v, w*h - 280 = -4*v. List the prime factors of h.
3, 5
Let t be 9*1/3 + 0. Suppose 5*q = -t*h + 1108, 0*q + 5*q = -5*h + 1100. What are the prime factors of q?
2, 7
Suppose -2*i - 5 + 13 = 0. Suppose -f + 3*f - i = 0. What are the prime factors of 36/7 + f/(-14)?
5
Let n(i) = -i**3 - 4*i**2 + 4*i + 21. Let f be 1*(-1 - 4 - 2). What are the prime factors of n(f)?
2, 5, 7
Let g = -15 + 15. Suppose 0 = -g*n + 5*n - 60. What are the prime factors of 690/n - 3/(-6)?
2, 29
Let u = 13 + -36. Let p be 2/5 + u/(-5). Suppose p*n - 315 = -80. What are the prime factors of n?
47
Let l(i) = 1943*i**2 + 9*i - 8. List the prime factors of l(1).
2, 3
Let o = 478 - 65. List the prime factors of o.
7, 59
Suppose -2*k = -8 - 4. Let y be 3/(-6)*-1*k. Suppose y*j - 70 - 41 = 0. What are the prime factors of j?
37
What are the prime factors of (-10 + 124)*24/9?
2, 19
Let a(w) = 5*w**2 + w - 3. Let i(h) = h + 14. Let n be i(-9). Let y be a(n). Let v = y - 84. List the prime factors of v.
43
List the prime factors of (952/204)/((-2)/(-285)).
5, 7, 19
Let k(t) = 3*t**2 + t + 10. Let r(h) = h + 1. Let l(x) = -k(x) + 5*r(x). Let g(q) be the first derivative of l(q). What are the prime factors of g(-3)?
2, 11
Let v(o) = 61*o**3 + 2*o**2 + o. Let f be v(-1). Let h = 74 - f. What are the prime factors of h?
2, 67
List the prime factors of (347 - 7) + (0 - 3) + 1.
2, 13
Let x be (-742)/(-5) + 10/(-25). Suppose 0 = 5*r + 3 - 23, -2*i + 3*r + x = 0. Suppose 6*q = q + i. What are the prime factors of q?
2
Let x be 1*-1*1*1. Let y = -182 + 192. Let w = x + y. List the prime factors of w.
3
Suppose z = 4*j - 9319, -2*j = 2*z - 1957 - 2715. List the prime factors of j.
3, 7, 37
Let s(j) be the first derivative of -j**4/4 - j**3/3 + j**2/2 + 6. Let v be s(1). List the prime factors of (-4 - -5)*(-14)/v.
2, 7
Suppose 5*f + 86 = 2*i, -3*f - 3*i - 17 - 22 = 0. Let h = f - -29. What are the prime factors of h?
13
Suppose 7*m - 4*m + 27 = 0. Let s(a) = a**3 + 10*a**2 + 14*a + 16. Let h be s(m). Let k = h - -65. List the prime factors of k.
2, 3
Suppose -2577 = -18*s + 6369. List the prime factors of s.
7, 71
Let u(d) = 3*d + 19. Let n be u(-6). List the prime factors of 0/(-2 - 0) - (-161)/n.
7, 23
Suppose -4*o + 7*o = 75. Suppose -4*g = -5*s - o, 2*s + 4 = g + 3*s. List the prime factors of g.
5
List the prime factors of (48 + 16)*(434/8 + 1).
2, 13, 17
Let w be ((-2)/2)/((-5)/45). Suppose -32 = -4*i - 3*k, -5*i + w = -6*k + 2*k. Suppose -9 = -i*u + 36. List the prime factors of u.
3
Let o(n) = n**2 - 15*n + 21. Let j be o(9). Let w = j - -31. List the prime factors of 1 + 67 + w/(-1).
2, 5, 7
Suppose 3*o - 122 = -4*x - 36, -3*x + 58 = -o. Suppose 5*f - x = 65. Suppose 3*q = 2*q + f. List the prime factors of q.
17
Let t = 73 + 2118. List the prime factors of t.
7, 313
Suppose 0 = 6*t - 10 - 14. Suppose -5*a + 33 = -5*x + 13, 0 = 2*x - a + t. What are the prime factors of -2 - x - (-3 + -32)?
3, 11
Let q = -125 - -198. Suppose -4*f + 2*f + q = 5*s, f = 4. List the prime factors of s.
13
Suppose 18*z - 22*z + 32 = 0. Suppose -4*y + 96 = -5*l, z*y - 11*y - 5*l = -37. What are the prime factors of y?
19
Let v be (1 - (0 - 0))*42. Let y = -17 + 2